-11*x + 25 + 74 = -11. Let m(l) = -5 - l**2 - 4 - 1 + 11*l. Calculate m(x).
0
Let s be ((-78)/(-169))/((-18)/(-78)). Let t(o) be the first derivative of 1/2*o**2 - 4 + s*o. What is t(-2)?
0
Let j(g) = -g**3 + 10*g**2 + 11*g + 5. Let a be (2*3/6)/(2/4). Let h be -2 - (a - (11 - (-4 + 0))). Determine j(h).
5
Let h(s) be the second derivative of -7*s**3/6 - 193*s**2/2 + 28*s + 48. What is h(-25)?
-18
Let x be 259/28 + (1 - (-15)/(-12)). Suppose -h - 2*h = -x. Let l(r) = 5*r - 14*r + 2 - h + 29*r. Determine l(-1).
-21
Suppose 32 = p - 5*l + 10*l, 0 = -3*p - l + 96. Let v(t) = 5*t**2 + 0*t**2 - t**3 + 37*t - p*t - 4 + 0. Give v(5).
21
Let f(q) = q**2 - 14*q - 21. Let l = 784 - 767. Determine f(l).
30
Let i(n) = 7*n + 2. Let t be 2 - (-3 + 3 - 1). Suppose 30 = 5*r - 2*v, v + 6 = 4*r + t*v. Suppose r*a - 6 = 2. Calculate i(a).
16
Suppose 14*u - 17*u = -3. Let y(g) = -g**2 - 6*g - u + 6*g - 5*g**3 - g - 11*g**3. Calculate y(-1).
15
Let z(u) = u**3 + 4*u**2 - 4*u + 3. Let m be z(-5). Let j(g) be the first derivative of 11 + g**2 + 1/2*g**4 - 2*g + g**3. Determine j(m).
-10
Let h(g) = g**3 + 6*g**2 + 10*g + 10. Let d be h(-4). Let t(z) = 4*z + 7*z**2 - 9*z**2 + 3*z**d. Determine t(-6).
12
Let h(k) = k**2 - 9*k + 27. Suppose 0 = 6*x - 9*x - 3*m + 24, 3*m - 4 = 2*x. Give h(x).
7
Let z be (256/(-160))/((-3)/60). Suppose 14*w = z*w + 216. Let a(v) = v**2 + 11*v - 16. Calculate a(w).
-4
Let v(b) = 2*b**2 + 43*b + 201. Let n be v(-15). Let f(z) = -z**2 + 8*z + 1. What is f(n)?
13
Suppose -128 = -3*v - 47. Suppose -v = -6*m + 15. Suppose -5*a - 6 = -m*a, -5*w - a + 18 = 0. Let z(j) = j**3 - 2*j**2 + j - 3. What is z(w)?
9
Let v(w) be the second derivative of 59*w + 0*w**3 - 7/2*w**2 + 0 - 1/2*w**4 - 1/20*w**5. Give v(-6).
-7
Let j(t) = -2*t - 3. Let r(g) = -g. Let i(b) = 11*b + 8. Let d(a) = -i(a) - 6*r(a). Let q(f) = 4*d(f) - 11*j(f). Suppose 109*z - 107*z = -10. Determine q(z).
-9
Let m(a) = -a - 239. Let z(u) = 4*u + 1436. Let b(q) = -6*m(q) - z(q). Let v = 3 - 3. What is b(v)?
-2
Let q(t) be the third derivative of -t**4/6 + 19*t**3/2 - 332*t**2. What is q(11)?
13
Suppose 3*v + 15 = -3*b, -2*b = -3*v + 6*v + 10. Let q(m) = -975*m + 982*m - 11 + m**2 + v*m**2. Give q(-8).
-3
Let s(b) be the second derivative of b**4/12 + 7*b**3/6 + b**2/2 - 5443*b - 2. Give s(-3).
-11
Suppose -19 = 2*q - 2*m + 1, -3*m - 26 = 5*q. Let v(a) be the first derivative of -a**3/3 - 3*a**2 - 5*a + 2411. Give v(q).
-12
Let m(o) be the first derivative of -o**3 - 5*o**2/2 - 4*o - 5746. Give m(-4).
-32
Let d(o) be the first derivative of -o**3/3 - 13*o**2/2 + 2*o - 2742. What is d(-12)?
14
Let p(y) = 11*y**2 + 521 - 13*y**2 + 5*y - 529 - y. What is p(4)?
-24
Let s(c) be the first derivative of c**4/4 + 3*c**3 + 11*c**2/2 - 11*c + 288. What is s(-7)?
10
Let f(d) be the third derivative of -d**6/720 - 7*d**5/40 + d**4/12 - 47*d**3/6 + 7*d**2 + 4*d. Let j(r) be the second derivative of f(r). Determine j(0).
-21
Let r(p) = 28*p - 89. Let m be (-34)/(-12) + 8/(-56) + (-39)/(-126). Determine r(m).
-5
Let r(a) = a - 7. Suppose 8*f - 990 = -14*f. Let t be (6/4)/(f/120). Calculate r(t).
-3
Let k(l) be the second derivative of 11/2*l**2 + 9*l + 1/4*l**4 + 0 + 10/3*l**3. Let n(b) = -2*b**2 - 13*b - 7. Let y(r) = -5*k(r) - 8*n(r). What is y(-6)?
13
Let c(u) = -2*u - 3. Let g = -5 - 5. Let x(i) be the second derivative of i**5/20 + 11*i**4/12 + 5*i**3/3 + 3*i**2/2 + 28*i. Let q be x(g). Give c(q).
-9
Let d be (-4)/(-22) - (-54)/66. Let h(b) = -2*b**2 - 4*b. Let c be h(-1). Let k be (d + c)/((-2)/2). Let w(u) = -u**2 - u + 2. Determine w(k).
-4
Let u = 11955 - 11938. Let b(d) = -4*d + 2. Calculate b(u).
-66
Let p(q) = -86*q - 4 + 3*q - 2*q**2 + 73*q. What is p(-7)?
-32
Let k be (47 + -51)*2/8 + 4. Let c(p) = 6*p**2 - 17*p - 7. Give c(k).
-4
Let a = 81 - 69. Suppose -a*f + 15 = -9*f. Let v(j) = -2*j**2 + f*j - 3 - 4 + 3 + 3 - j**3. Give v(-4).
11
Let k(u) be the third derivative of u**6/120 + u**5/15 - u**4/12 + 13*u**3/6 - 2*u**2 + 376*u. Calculate k(-5).
-2
Let y be (-275)/125 + (-360)/(-50). Let s(l) = 8*l - 18. Determine s(y).
22
Let b = -7789 + 7790. Let m(z) = 69*z + 2. Calculate m(b).
71
Let d(t) = 4*t**3 - 8*t**2 + 9*t. Let o(c) = 3*c**3 - 7*c**2 + 8*c + 2. Let v(u) = -4*d(u) + 5*o(u). Determine v(-3).
-2
Let b(j) = -37*j**3 - 28*j**2 + 58*j - 95. Let c(o) = 14*o**3 + 9*o**2 - 20*o + 32. Let n(w) = 3*b(w) + 8*c(w). Calculate n(11).
4
Let j = 3 + -6. Let h(v) be the third derivative of v**6/360 + v**4/24 + 7*v**2. Let o(q) be the second derivative of h(q). What is o(j)?
-6
Let t(z) = -20*z + 15*z - 3*z**2 + 8*z + 6 - 2. Let b = 48 - 45. What is t(b)?
-14
Suppose -13*v - 4*v + 5100 = 0. Let k = -313 + v. Let a(o) = o + 18. Determine a(k).
5
Let j(u) = u**2 - 13*u - 16. Suppose 0 = 4*k - x - 19, 4*k + 8 - 36 = 4*x. Suppose -4*h - 54 = -5*d, k*h - 44 = -4*d + 2*d. Give j(d).
-2
Suppose 0 = 4*q - 76 - 248. Suppose 28*u = q*u - 477. Let b(d) = d**2 - 10*d + 18. Give b(u).
9
Suppose 24*b + 21 = 27*b. Let i = b + -10. Let s(u) = -2*u - u - 4 + 0*u + u + u**2. What is s(i)?
11
Let l be ((-2)/6)/(1/(-9)). Let a(o) = 15*o - 71. Let f be a(5). Let w(h) = -5*h - 3 + f + h + 1. Calculate w(l).
-10
Let v be (-9)/(-6)*2 + (-3)/(-1). Let c(y) = y**3 - 5*y**2 - 3*y - 12. Let b be c(6). Let l(n) = n**3 - 8*n - b*n**2 - 7 + 6*n + 4*n. Determine l(v).
5
Let b(l) = l - 1. Let y(i) = -i**3 - 5*i**2 - i + 10. Let t(q) = 6*b(q) + y(q). Give t(-4).
-32
Suppose 235*r - 234*r = -4. Let t(o) = -7*o - 8 + 4*o**3 - 10*o**2 + 2 - 5. Let b(p) = -3*p**3 + 9*p**2 + 6*p + 10. Let x(f) = r*t(f) - 5*b(f). Determine x(-5).
4
Let k(c) = 4*c**2 + 4*c + 9. Let l = -540 - -536. Let b(a) = 3*a**2 + 4*a + 8. Let t(w) = l*k(w) + 5*b(w). Determine t(4).
4
Suppose -4*u + 0 = -4. Let d be -3 + 6 + -4 + u. Suppose -5*k + 18 + 7 = d. Let v(p) = -p - 4. Determine v(k).
-9
Let x(m) = -2*m**2 - 9*m + 28. Let u(l) = -2*l**2 - 10*l + 28. Let p(n) = -6*u(n) + 5*x(n). Let y(j) = -2*j**2 - 962*j - 1925. Let q be y(-2). Calculate p(q).
-1
Let t(z) = 11*z - 27. Let i(f) = -5*f + 13. Let g(h) = 13*i(h) + 6*t(h). Suppose -2*o + 5 = -3. Suppose -3*k = -2*j + 5 + 19, -o*k - j = 21. Give g(k).
1
Let h(a) be the third derivative of a - 9*a**2 + 1/3*a**3 + 0 + 1/24*a**4. Let c be ((-60)/(-35))/(2/7). Give h(c).
8
Suppose -b - 12 = -0. Let k = 26 + b. Let z(h) = h**2 + 15*h + 6 - 36*h + k*h. Give z(5).
-4
Let a(y) = -87*y**2 - 105*y + 66. Let w(z) = -13*z**2 - 16*z + 10. Let p(r) = 5*a(r) - 33*w(r). What is p(2)?
-18
Let u(b) = b**3 + 5*b**2 - 2*b - 4. Let z(l) be the first derivative of -l**3/3 + 7*l**2/2 - 6*l - 20. Let o be z(8). Let q be 16/56 + 74/o. Give u(q).
6
Let j(u) = 4*u - 10. Suppose -575 = 132*f + 481. Suppose 9 = -0*w - 3*w. Let g(o) = -12*o + 29. Let a(y) = f*j(y) + w*g(y). Calculate a(6).
17
Suppose c = 3 - 1. Let r(q) = -1 + 6*q + 2 - c*q + q**2 - 3. Let y(s) = 5*s**2 + 17*s - 9. Let g(x) = 26*r(x) - 6*y(x). Give g(2).
-10
Let s(t) be the second derivative of t**5/60 - 7*t**4/24 - t**3 - 17*t**2 - 3*t - 4. Let w(g) be the first derivative of s(g). Determine w(10).
24
Let v(i) be the second derivative of -i**6/120 + i**5/15 + i**4/4 - 5*i**3/6 + 24*i**2 + 62*i. Let g(r) be the first derivative of v(r). Give g(5).
0
Let a(z) = -3*z - 21. Let o be a(-9). Suppose -o*u + 1 - 19 = 0. Let p be 4/(-30)*u*-10. Let q(n) = -n - 4. Determine q(p).
0
Let x(u) be the third derivative of u**5/30 + u**4/2 - 2*u**3/3 - 975*u**2. Calculate x(-11).
106
Suppose 4 = 5*x + 4*o, 0*x + 3 = x + 3*o. Let z(w) = -2*w + 2*w + 14 - w + x*w. Let l be 1/(-6) + (-215)/(-30). Calculate z(l).
7
Let z(a) = -2*a**2 - 20*a - 22. Let v be (-12)/(-9)*(-15)/(-10) + 3 + -14. Determine z(v).
-4
Let k(b) = b**3 + 15*b**2 + 3*b + 49. Suppose -2316*v + 2279*v = 555. Give k(v).
4
Let y = 77300 - 77303. Let n(q) = 1. Let h(m) = m**3 + 2*m**2 - 3*m - 9. Let c(f) = -h(f) - 3*n(f). Give c(y).
6
Let d = -3339 + 3330. Let f(h) = -h**2 - 7*h + 14. Calculate f(d).
-4
Suppose -59*c + 19866 = -26*c. Suppose 3*r + c = 596. Let j(b) = -2*b**3 - 4*b**2 - 3*b. Determine j(r).
6
Suppose -6*c + v = 198, 4*v + 8 = -6*c + 5*c. Let m(u) = 10*u + 319. What is m(c)?
-1
Let g(u) = -6*u. Let q = -230 - -232. Let j(i) = 0*i - 5*i - 2 - 1 + 6*i. Let h be j(q). Calculate g(h).
6
Let c(n) = -56*n - 59*n - 42